pose -4*c + 3*o = 20 - 139, 109 = 4*c - o. Calculate the remainder when c is divided by g.
8
Let b(z) = 2*z**2 - 2*z + 7. Calculate the remainder when b(3) is divided by 5.
4
Let b(f) be the third derivative of -5*f**4/24 - f**3/3 + 3*f**2. Let h be b(2). Let r = h + 31. Calculate the remainder when r is divided by 10.
9
What is the remainder when 77 is divided by (-875)/(-21) + (-1)/(-3) + -3?
38
Suppose -3*r - 5*u + 185 = 0, r + 13 = 5*u + 48. Let n = r - 39. What is the remainder when 46 is divided by n?
14
Let p = 56 + -27. Calculate the remainder when p is divided by 16.
13
Suppose -3*t + 565 = 2*t. Calculate the remainder when t is divided by 29.
26
Let u = 17 - 14. Let f = 37 - -3. Suppose 30 = 3*o - 3*q, -u*q - 2*q - f = -3*o. What is the remainder when 9 is divided by o?
4
Let j = 16 - 8. Let w(x) = 2*x + 6. Calculate the remainder when w(8) is divided by j.
6
Suppose -5*u - 5*k = 25, -u - 3*k + 5 = -3*u. Let x = u - -24. Suppose 3*n = -n + x. Calculate the remainder when 14 is divided by n.
4
Let v be (-2)/(-9) - 52/(-9). Let u(k) = -k**2 + 12*k - 8. What is the remainder when u(v) is divided by 10?
8
Calculate the remainder when (0 + -1)*2/4*-76 is divided by 21.
17
Let v = 81 + 51. What is the remainder when v/8*2/3 is divided by 4?
3
Let w(q) = 7*q. Let s(p) = -5*p**2 - 5*p. Let n be s(-4). Calculate the remainder when n/8*32/(-12) is divided by w(1).
6
Let o(h) = 4*h**3 - 2*h**2 + 2*h - 1. Let k be o(1). Let n(c) = c - 3. Let f be n(4). Calculate the remainder when 4 is divided by 6/k + f + 0.
1
Let i(o) = -o + 24. What is the remainder when i(-17) is divided by 68/5 - (-4)/10?
13
Suppose 4 = -v - 4. Calculate the remainder when (-2 + -12)/(0 + -2) is divided by (0 + -2)/(4/v).
3
Let d(t) = -3*t - 8. Let h be d(-6). Let g = h + 2. Let m = 49 - 14. What is the remainder when m is divided by g?
11
Let y(t) = -11*t + 5. Let b be y(-16). Suppose 5*i - 504 - b = 0. Calculate the remainder when i is divided by 35.
32
Suppose 5*z - 3*z - 80 = 0. Calculate the remainder when z is divided by (2 - -1)*(-70)/(-15).
12
Suppose -z + 38 = 4*j, -50 = -4*j + 4*z + z. Let s(c) = 3*c**2 - 7*c - 2. What is the remainder when s(5) is divided by j?
8
Suppose 5*r - 5*d - 342 = 158, 0 = r - 4*d - 112. What is the remainder when r is divided by 25?
21
Let z(m) = -m**3 - m + 13. What is the remainder when 49 is divided by z(0)?
10
Calculate the remainder when 214 is divided by (28/(-20) - -1)*-135.
52
Let j(i) be the first derivative of i**2/2 + 7*i + 11. Suppose 3*z = w - 5, -6*z + 2*z = 4*w - 36. Calculate the remainder when 43 is divided by j(w).
13
Suppose 3*l + 665 = 4*w - 151, 3*w - 4*l = 612. Calculate the remainder when w is divided by 26.
22
What is the remainder when 40 is divided by ((-33)/12 - -1)/(6/(-48))?
12
Let h(i) = i**2 + 6*i + 14. What is the remainder when 53 is divided by h(-6)?
11
What is the remainder when (-7)/(-49) - ((-3630)/21)/1 is divided by 29?
28
Let c(k) = k**3 + 8*k**2 + 4*k - 9. Let l be c(-7). Suppose 4*b = -9 + 37. Let g = l - b. What is the remainder when 14 is divided by g?
4
Suppose -2*d + d + 27 = -2*p, -4*d - p + 63 = 0. What is the remainder when d is divided by 5?
2
Calculate the remainder when (-11 + 5)/2 - -57 is divided by 15.
9
Let v = 98 - 53. Calculate the remainder when v is divided by 24.
21
Suppose 0 = 3*g + 3*r + 12, 2*r = -4*g + g - 13. Let a = g - -2. Calculate the remainder when 6 is divided by 2/(-3) - 14/a.
2
Suppose -12*w + 14*w - 554 = 0. What is the remainder when w is divided by 31?
29
Let z = -8 + 16. Calculate the remainder when 30 is divided by z.
6
Let n(f) = -f**2 + 7*f + 8. Let q be (1 - (2 - 3)) + 3. Suppose -4*x + x - m = -73, -4*x + q*m = -129. Calculate the remainder when x is divided by n(6).
12
What is the remainder when 29 is divided by (-44)/(-10) - 4/10?
1
Suppose -4*c = 4*k + 12 - 76, c = -4*k + 1. Suppose 3*s - 21 = c. Suppose 54 = -z + 3*z. What is the remainder when z is divided by s?
13
Suppose 13 + 7 = r. Let g(q) = -q - 7. Let j be g(-6). Let i = 12 + j. Calculate the remainder when r is divided by i.
9
Let r be 3*2*(-3)/(-6). Calculate the remainder when 7/14*r*2 is divided by 2.
1
Let j be 1/(-4) + 98/8. What is the remainder when (-3)/j + (-375)/(-12) is divided by 16?
15
Let c(n) = -2*n + 5. What is the remainder when 48 is divided by c(-6)?
14
Suppose -3*a + 19 + 5 = 0. What is the remainder when 23 is divided by a?
7
Let j = -25 + 41. Suppose 287 = 2*x + 229. What is the remainder when x is divided by j?
13
Suppose 27 = 4*j - 9. Suppose j + 26 = 5*i. Suppose 5*f + i = 77. Calculate the remainder when f is divided by 8.
6
Suppose -202 = l - 2*l. Suppose l = 2*d + 4*p, 4*d + 3*p - 424 = 5*p. What is the remainder when d is divided by 27?
24
Let c = -5 - -6. Let t(b) = 2*b**2 + 2*b - 1. Calculate the remainder when 9 is divided by t(c).
0
Suppose -3*a - 3*h + 9 = -h, -3 = -a + 5*h. Suppose 3*f - a = 0, 0*q - 3*q + 4*f = -2. Suppose 6*v - 16 = 2*v. Calculate the remainder when v is divided by q.
0
Suppose i + 59 - 243 = 0. Let w = -128 + i. Calculate the remainder when w is divided by 19.
18
Suppose 29 = t - 2*v, 0*v = -4*t - 2*v + 66. Calculate the remainder when 74 is divided by t.
17
Let z(c) = -c**3 + 2*c**2 + 5*c + 4. What is the remainder when 29 is divided by z(-2)?
9
Let s(v) = v**3 - 3*v**2 + v - 3. Let b = 10 - 14. Calculate the remainder when s(4) is divided by b/6 - (-60)/9.
5
Suppose -23*l + 26*l - 84 = 0. Let j be ((-5)/(-2))/1*-18. Calculate the remainder when (-3745)/j + 4/(-18) is divided by l.
27
Suppose -2*g = -0*g - 12. Calculate the remainder when 1 - (-45)/(6/2) is divided by g.
4
What is the remainder when 63 is divided by (2 - -8*4) + -2?
31
Let z(a) = -4*a**3 - 3*a**2 - 4*a - 4. Calculate the remainder when z(-3) is divided by 15.
14
Let o = -48 - -89. Let y = o + -26. What is the remainder when (-440)/((-40)/4) + (-2 - 0) is divided by y?
12
Calculate the remainder when 93 + -5*(-3)/15 is divided by 24.
22
Let b(t) = -t**3 + 8*t**2 + 9*t - 7. Calculate the remainder when b(8) is divided by 17.
14
What is the remainder when 54 is divided by (2 - (0 + 1))*19?
16
Let f(m) = m**2 - m - 6. Calculate the remainder when 40 is divided by f(-4).
12
Let k be 70/7*(-1)/(-1). Suppose 2*q - k = -2. What is the remainder when 5 is divided by q?
1
Suppose 5*i + 28 = 113. Suppose -89 + i = -3*k. Calculate the remainder when 47 is divided by k.
23
Suppose 11*k - 6*k = 70. Calculate the remainder when k is divided by 12.
2
What is the remainder when 28/(-70) - 122/(-5) is divided by 2/(-6) + (-80)/(-6)?
11
Let p(d) = -3*d - 1. Calculate the remainder when 126 is divided by p(-22).
61
Suppose 0 = 3*q - 26 - 10. What is the remainder when 47 is divided by q?
11
Let l = 4 + -4. Suppose -b - 3*s + 1 = l, 7*s - 2*s = b - 9. What is the remainder when 14 is divided by b?
2
Let i = 16 + -11. Calculate the remainder when 9 is divided by i.
4
Let c(u) be the first derivative of -12*u**2 - 5*u - 2. What is the remainder when c(-3) is divided by 17?
16
Suppose 2*z - 5 + 1 = 0. Suppose 2*b + 3*h + z = 0, 6 = b - 3*b - 4*h. What is the remainder when -2 + (0 - -2) + b is divided by 2?
1
Calculate the remainder when 15 is divided by (1 + 2 - 2)/(1/9).
6
Let c = -6 - -13. Suppose -3 = 2*k - 4*n + 5, -2*k + c = -n. What is the remainder when 16 is divided by k?
4
Suppose 3*c + 4*p - 53 = 0, -3*c - 3*p = -2*p - 65. What is the remainder when 90 is divided by c?
21
Let v(c) = -2*c**3 + 2*c**2 + 1. Suppose 0 = 4*y + y - 10. Suppose 0 = -d - y*d + 27. What is the remainder when v(-2) is divided by d?
7
Let t = -63 - 30. Let z be (-16)/40 + 1416/(-10). Let s = t - z. What is the remainder when s is divided by 25?
24
Let q = 189 - 91. Calculate the remainder when 62 is divided by 11/(-33) + q/6.
14
Suppose -96 = -4*a + 2*n + 2*n, -3*a + 2*n + 67 = 0. What is the remainder when a is divided by 5?
4
Let v(c) = c**3 + 14*c**2 + 12*c + 7. What is the remainder when 78 is divided by v(-13)?
18
Let i(q) = q**2 - 15*q - 15. Suppose 5*x = -h + 21, -5*h + 10*x - 5*x - 15 = 0. Calculate the remainder when i(16) is divided by h.
0
Suppose 5 = 5*m - 5*z + 3*z, -z = -m - 2. Calculate the remainder when 13 is divided by m.
1
Let j = 9 - -7. Let p(g) = 7*g - 1. Let f(k) = 8*k - 2. Let z(y) = 